{"id":250,"date":"2025-03-21T13:55:46","date_gmt":"2025-03-21T16:55:46","guid":{"rendered":"https:\/\/dipe.uepa.br\/?page_id=250"},"modified":"2025-04-11T08:37:14","modified_gmt":"2025-04-11T11:37:14","slug":"eventos","status":"publish","type":"page","link":"https:\/\/dipe.uepa.br\/index.php\/eventos\/","title":{"rendered":"Not\u00edcias"},"content":{"rendered":"\n\t\t\t<div class=\"wp-block-uagb-post-grid uagb-post-grid  uagb-post__image-position-top uagb-post__image-enabled uagb-block-6b50f8e4     uagb-post__items uagb-post__columns-3 is-grid uagb-post__columns-tablet-2 uagb-post__columns-mobile-1 uagb-post__equal-height\" data-total=\"2\" style=\"\">\n\n\t\t\t\t\t\t\t\t\t\t\t\t<article class=\"uagb-post__inner-wrap\">\t\t\t\t\t\t\t\t<div class='uagb-post__image'>\n\t\t\t\t\t\t\t\t\t<a href=\"https:\/\/dipe.uepa.br\/index.php\/2025\/06\/24\/a-diretoria-de-planejamento-estrategico-encerra-workshops-de-revisao-das-acoes-do-ppa-2024-2027-bienio-2026-e-2027\/\" target=\"_self\" rel=\"bookmark noopener noreferrer\" class='uagb-image-ratio-inherit'><img loading=\"lazy\" decoding=\"async\" width=\"1024\" height=\"768\" src=\"https:\/\/dipe.uepa.br\/wp-content\/uploads\/2025\/06\/WhatsApp-Image-2025-06-17-at-23.04.25-1-4-1024x768.jpeg\" class=\"attachment-large size-large\" alt=\"\" srcset=\"https:\/\/dipe.uepa.br\/wp-content\/uploads\/2025\/06\/WhatsApp-Image-2025-06-17-at-23.04.25-1-4-1024x768.jpeg 1024w, https:\/\/dipe.uepa.br\/wp-content\/uploads\/2025\/06\/WhatsApp-Image-2025-06-17-at-23.04.25-1-4-300x225.jpeg 300w, https:\/\/dipe.uepa.br\/wp-content\/uploads\/2025\/06\/WhatsApp-Image-2025-06-17-at-23.04.25-1-4-768x576.jpeg 768w, https:\/\/dipe.uepa.br\/wp-content\/uploads\/2025\/06\/WhatsApp-Image-2025-06-17-at-23.04.25-1-4-1536x1152.jpeg 1536w, https:\/\/dipe.uepa.br\/wp-content\/uploads\/2025\/06\/WhatsApp-Image-2025-06-17-at-23.04.25-1-4.jpeg 1600w\" sizes=\"(max-width: 1024px) 100vw, 1024px\" \/>\t\t\t\t\t<\/a>\n\t\t\t\t\t\t\t<\/div>\n\t\t\t\t\t\t<h4 class=\"uagb-post__title uagb-post__text\">\n\t\t\t\t<a href=\"https:\/\/dipe.uepa.br\/index.php\/2025\/06\/24\/a-diretoria-de-planejamento-estrategico-encerra-workshops-de-revisao-das-acoes-do-ppa-2024-2027-bienio-2026-e-2027\/\" target=\"_self\" rel=\"bookmark noopener noreferrer\">A Diretoria de Planejamento Estrat\u00e9gico encerra workshops de revis\u00e3o das a\u00e7\u00f5es do PPA 2024-2027 (Bi\u00eanio 2026 e 2027)<\/a>\n\t\t\t<\/h4>\n\t\t\t\t\t\t<div class='uagb-post__text uagb-post-grid-byline'>\n\t\t\t\t\t\t\t\t<time datetime=\"2025-06-24T14:17:40-03:00\" class=\"uagb-post__date\">\n\t\t\t\t<span class=\"dashicons-calendar dashicons\"><\/span>\t\t\t\t\t24 de junho de 2025\t\t\t\t<\/time>\n\t\t\t\t\t\t\t<span class=\"uagb-post__comment\">\n\t\t\t\t<span class=\"dashicons-admin-comments dashicons\"><\/span>\t\t\t\t\tNenhum coment\u00e1rio\t\t\t\t<\/span>\n\t\t\t\t\t\t<\/div>\n\t\t\t\t\t\t\t<div class='uagb-post__text uagb-post__excerpt'>\n\t\t\t\t\t<p>A Diretoria de Planejamento Estrat\u00e9gico (DIPE) finalizou, no dia 23 de junho de 2025, o&#8230;\t\t\t\t<\/div>\n\t\t\t\t\t\t<div class=\"uagb-post__text uagb-post__cta wp-block-button\">\n\t\t\t\t<a class=\"wp-block-button__link uagb-text-link\" href=\"https:\/\/dipe.uepa.br\/index.php\/2025\/06\/24\/a-diretoria-de-planejamento-estrategico-encerra-workshops-de-revisao-das-acoes-do-ppa-2024-2027-bienio-2026-e-2027\/\" target=\"_self\" rel=\"bookmark noopener noreferrer\">Ler mais<\/a>\n\t\t\t<\/div>\n\t\t\t\t\t\t\t\t\t\t\t\t<\/article>\n\t\t\t\t\t\t\t\t\t\t\t\t\t\t\t\t<article class=\"uagb-post__inner-wrap\">\t\t\t\t\t\t\t\t<div class='uagb-post__image'>\n\t\t\t\t\t\t\t\t\t<a href=\"https:\/\/dipe.uepa.br\/index.php\/2025\/06\/23\/dipe-participa-da-audiencia-publica-de-revisao-do-ppa-2024-2027-e-elaboracao-da-loa-2026\/\" target=\"_self\" rel=\"bookmark noopener noreferrer\" class='uagb-image-ratio-inherit'><img loading=\"lazy\" decoding=\"async\" width=\"1024\" height=\"682\" src=\"https:\/\/dipe.uepa.br\/wp-content\/uploads\/2025\/06\/20250612141110-GC00067913-F00243921-1024x682.webp\" class=\"attachment-large size-large\" alt=\"\" srcset=\"https:\/\/dipe.uepa.br\/wp-content\/uploads\/2025\/06\/20250612141110-GC00067913-F00243921-1024x682.webp 1024w, https:\/\/dipe.uepa.br\/wp-content\/uploads\/2025\/06\/20250612141110-GC00067913-F00243921-300x200.webp 300w, https:\/\/dipe.uepa.br\/wp-content\/uploads\/2025\/06\/20250612141110-GC00067913-F00243921-768x512.webp 768w, https:\/\/dipe.uepa.br\/wp-content\/uploads\/2025\/06\/20250612141110-GC00067913-F00243921.webp 1400w\" sizes=\"(max-width: 1024px) 100vw, 1024px\" \/>\t\t\t\t\t<\/a>\n\t\t\t\t\t\t\t<\/div>\n\t\t\t\t\t\t<h4 class=\"uagb-post__title uagb-post__text\">\n\t\t\t\t<a href=\"https:\/\/dipe.uepa.br\/index.php\/2025\/06\/23\/dipe-participa-da-audiencia-publica-de-revisao-do-ppa-2024-2027-e-elaboracao-da-loa-2026\/\" target=\"_self\" rel=\"bookmark noopener noreferrer\">DIPE participa da audi\u00eancia p\u00fablica de revis\u00e3o do PPA 2024-2027 e elabora\u00e7\u00e3o da LOA 2026<\/a>\n\t\t\t<\/h4>\n\t\t\t\t\t\t<div class='uagb-post__text uagb-post-grid-byline'>\n\t\t\t\t\t\t\t\t<time datetime=\"2025-06-23T09:27:37-03:00\" class=\"uagb-post__date\">\n\t\t\t\t<span class=\"dashicons-calendar dashicons\"><\/span>\t\t\t\t\t23 de junho de 2025\t\t\t\t<\/time>\n\t\t\t\t\t\t\t<span class=\"uagb-post__comment\">\n\t\t\t\t<span class=\"dashicons-admin-comments dashicons\"><\/span>\t\t\t\t\tNenhum coment\u00e1rio\t\t\t\t<\/span>\n\t\t\t\t\t\t<\/div>\n\t\t\t\t\t\t\t<div class='uagb-post__text uagb-post__excerpt'>\n\t\t\t\t\t<p>A Diretoria de Planejamento Estrat\u00e9gico (DIPE) marcou presen\u00e7a na \u00faltima audi\u00eancia p\u00fablica do ciclo de&#8230;\t\t\t\t<\/div>\n\t\t\t\t\t\t<div class=\"uagb-post__text uagb-post__cta wp-block-button\">\n\t\t\t\t<a class=\"wp-block-button__link uagb-text-link\" href=\"https:\/\/dipe.uepa.br\/index.php\/2025\/06\/23\/dipe-participa-da-audiencia-publica-de-revisao-do-ppa-2024-2027-e-elaboracao-da-loa-2026\/\" target=\"_self\" rel=\"bookmark noopener noreferrer\">Ler mais<\/a>\n\t\t\t<\/div>\n\t\t\t\t\t\t\t\t\t\t\t\t<\/article>\n\t\t\t\t\t\t\t\t\t\t\t\t\t\t\t\t<article class=\"uagb-post__inner-wrap\">\t\t\t\t\t\t\t\t<div class='uagb-post__image'>\n\t\t\t\t\t\t\t\t\t<a href=\"https:\/\/dipe.uepa.br\/index.php\/2025\/05\/29\/a-diretoria-de-planejamento-estrategico-avanca-nos-workshops-de-revisao-do-ppa-2024-2027\/\" target=\"_self\" rel=\"bookmark noopener noreferrer\" class='uagb-image-ratio-inherit'><img loading=\"lazy\" decoding=\"async\" width=\"1024\" height=\"768\" src=\"https:\/\/dipe.uepa.br\/wp-content\/uploads\/2025\/05\/WhatsApp-Image-2025-05-29-at-10.48.43-1-4-1024x768.jpeg\" class=\"attachment-large size-large\" alt=\"\" srcset=\"https:\/\/dipe.uepa.br\/wp-content\/uploads\/2025\/05\/WhatsApp-Image-2025-05-29-at-10.48.43-1-4-1024x768.jpeg 1024w, https:\/\/dipe.uepa.br\/wp-content\/uploads\/2025\/05\/WhatsApp-Image-2025-05-29-at-10.48.43-1-4-300x225.jpeg 300w, https:\/\/dipe.uepa.br\/wp-content\/uploads\/2025\/05\/WhatsApp-Image-2025-05-29-at-10.48.43-1-4-768x576.jpeg 768w, https:\/\/dipe.uepa.br\/wp-content\/uploads\/2025\/05\/WhatsApp-Image-2025-05-29-at-10.48.43-1-4-1536x1152.jpeg 1536w, https:\/\/dipe.uepa.br\/wp-content\/uploads\/2025\/05\/WhatsApp-Image-2025-05-29-at-10.48.43-1-4.jpeg 1600w\" sizes=\"(max-width: 1024px) 100vw, 1024px\" \/>\t\t\t\t\t<\/a>\n\t\t\t\t\t\t\t<\/div>\n\t\t\t\t\t\t<h4 class=\"uagb-post__title uagb-post__text\">\n\t\t\t\t<a href=\"https:\/\/dipe.uepa.br\/index.php\/2025\/05\/29\/a-diretoria-de-planejamento-estrategico-avanca-nos-workshops-de-revisao-do-ppa-2024-2027\/\" target=\"_self\" rel=\"bookmark noopener noreferrer\">A Diretoria de Planejamento Estrat\u00e9gico avan\u00e7a nos workshops de revis\u00e3o do PPA 2024-2027<\/a>\n\t\t\t<\/h4>\n\t\t\t\t\t\t<div class='uagb-post__text uagb-post-grid-byline'>\n\t\t\t\t\t\t\t\t<time datetime=\"2025-05-29T12:48:04-03:00\" class=\"uagb-post__date\">\n\t\t\t\t<span class=\"dashicons-calendar dashicons\"><\/span>\t\t\t\t\t29 de maio de 2025\t\t\t\t<\/time>\n\t\t\t\t\t\t\t<span class=\"uagb-post__comment\">\n\t\t\t\t<span class=\"dashicons-admin-comments dashicons\"><\/span>\t\t\t\t\tNenhum coment\u00e1rio\t\t\t\t<\/span>\n\t\t\t\t\t\t<\/div>\n\t\t\t\t\t\t\t<div class='uagb-post__text uagb-post__excerpt'>\n\t\t\t\t\t<p>Nesta quinta-feira (29), a Diretoria de Planejamento Estrat\u00e9gico (DIPE) deu continuidade \u00e0s reuni\u00f5es internas de&#8230;\t\t\t\t<\/div>\n\t\t\t\t\t\t<div class=\"uagb-post__text uagb-post__cta wp-block-button\">\n\t\t\t\t<a class=\"wp-block-button__link uagb-text-link\" href=\"https:\/\/dipe.uepa.br\/index.php\/2025\/05\/29\/a-diretoria-de-planejamento-estrategico-avanca-nos-workshops-de-revisao-do-ppa-2024-2027\/\" target=\"_self\" rel=\"bookmark noopener noreferrer\">Ler mais<\/a>\n\t\t\t<\/div>\n\t\t\t\t\t\t\t\t\t\t\t\t<\/article>\n\t\t\t\t\t\t\t\t\t\t\t\t\t\t\t\t<article class=\"uagb-post__inner-wrap\">\t\t\t\t\t\t\t\t<div class='uagb-post__image'>\n\t\t\t\t\t\t\t\t\t<a href=\"https:\/\/dipe.uepa.br\/index.php\/2025\/05\/22\/uepa-participa-das-oficinas-de-revisao-do-ppa-2024-2027\/\" target=\"_self\" rel=\"bookmark noopener noreferrer\" class='uagb-image-ratio-inherit'><img loading=\"lazy\" decoding=\"async\" width=\"1024\" height=\"478\" src=\"https:\/\/dipe.uepa.br\/wp-content\/uploads\/2025\/05\/WhatsApp-Image-2025-05-20-at-10.06.01-1-2-1024x478.jpeg\" class=\"attachment-large size-large\" alt=\"\" srcset=\"https:\/\/dipe.uepa.br\/wp-content\/uploads\/2025\/05\/WhatsApp-Image-2025-05-20-at-10.06.01-1-2-1024x478.jpeg 1024w, https:\/\/dipe.uepa.br\/wp-content\/uploads\/2025\/05\/WhatsApp-Image-2025-05-20-at-10.06.01-1-2-300x140.jpeg 300w, https:\/\/dipe.uepa.br\/wp-content\/uploads\/2025\/05\/WhatsApp-Image-2025-05-20-at-10.06.01-1-2-768x358.jpeg 768w, https:\/\/dipe.uepa.br\/wp-content\/uploads\/2025\/05\/WhatsApp-Image-2025-05-20-at-10.06.01-1-2-1536x717.jpeg 1536w, https:\/\/dipe.uepa.br\/wp-content\/uploads\/2025\/05\/WhatsApp-Image-2025-05-20-at-10.06.01-1-2-2048x956.jpeg 2048w\" sizes=\"(max-width: 1024px) 100vw, 1024px\" \/>\t\t\t\t\t<\/a>\n\t\t\t\t\t\t\t<\/div>\n\t\t\t\t\t\t<h4 class=\"uagb-post__title uagb-post__text\">\n\t\t\t\t<a href=\"https:\/\/dipe.uepa.br\/index.php\/2025\/05\/22\/uepa-participa-das-oficinas-de-revisao-do-ppa-2024-2027\/\" target=\"_self\" rel=\"bookmark noopener noreferrer\">UEPA participa das Oficinas de Revis\u00e3o do PPA 2024\u20132027<\/a>\n\t\t\t<\/h4>\n\t\t\t\t\t\t<div class='uagb-post__text uagb-post-grid-byline'>\n\t\t\t\t\t\t\t\t<time datetime=\"2025-05-22T10:59:41-03:00\" class=\"uagb-post__date\">\n\t\t\t\t<span class=\"dashicons-calendar dashicons\"><\/span>\t\t\t\t\t22 de maio de 2025\t\t\t\t<\/time>\n\t\t\t\t\t\t\t<span class=\"uagb-post__comment\">\n\t\t\t\t<span class=\"dashicons-admin-comments dashicons\"><\/span>\t\t\t\t\tNenhum coment\u00e1rio\t\t\t\t<\/span>\n\t\t\t\t\t\t<\/div>\n\t\t\t\t\t\t\t<div class='uagb-post__text uagb-post__excerpt'>\n\t\t\t\t\t<p>Conduzidas pela Secretaria de Estado de Planejamento e Administra\u00e7\u00e3o (Seplad), as oficinas de revis\u00e3o do&#8230;\t\t\t\t<\/div>\n\t\t\t\t\t\t<div class=\"uagb-post__text uagb-post__cta wp-block-button\">\n\t\t\t\t<a class=\"wp-block-button__link uagb-text-link\" href=\"https:\/\/dipe.uepa.br\/index.php\/2025\/05\/22\/uepa-participa-das-oficinas-de-revisao-do-ppa-2024-2027\/\" target=\"_self\" rel=\"bookmark noopener noreferrer\">Ler mais<\/a>\n\t\t\t<\/div>\n\t\t\t\t\t\t\t\t\t\t\t\t<\/article>\n\t\t\t\t\t\t\t\t\t\t\t\t\t\t\t\t<article class=\"uagb-post__inner-wrap\">\t\t\t\t\t\t\t\t<div class='uagb-post__image'>\n\t\t\t\t\t\t\t\t\t<a href=\"https:\/\/dipe.uepa.br\/index.php\/2025\/04\/28\/diretoria-de-planejamento-estrategico-abre-ciclo-de-reunioes-internas-para-revisao-do-ppa-2024-2027\/\" target=\"_self\" rel=\"bookmark noopener noreferrer\" class='uagb-image-ratio-inherit'><img loading=\"lazy\" decoding=\"async\" width=\"1024\" height=\"768\" src=\"https:\/\/dipe.uepa.br\/wp-content\/uploads\/2025\/04\/WhatsApp-Image-2025-04-28-at-11.00.02-1024x768.jpeg\" class=\"attachment-large size-large\" alt=\"\" srcset=\"https:\/\/dipe.uepa.br\/wp-content\/uploads\/2025\/04\/WhatsApp-Image-2025-04-28-at-11.00.02-1024x768.jpeg 1024w, https:\/\/dipe.uepa.br\/wp-content\/uploads\/2025\/04\/WhatsApp-Image-2025-04-28-at-11.00.02-300x225.jpeg 300w, https:\/\/dipe.uepa.br\/wp-content\/uploads\/2025\/04\/WhatsApp-Image-2025-04-28-at-11.00.02-768x576.jpeg 768w, https:\/\/dipe.uepa.br\/wp-content\/uploads\/2025\/04\/WhatsApp-Image-2025-04-28-at-11.00.02-1536x1152.jpeg 1536w, https:\/\/dipe.uepa.br\/wp-content\/uploads\/2025\/04\/WhatsApp-Image-2025-04-28-at-11.00.02.jpeg 1600w\" sizes=\"(max-width: 1024px) 100vw, 1024px\" \/>\t\t\t\t\t<\/a>\n\t\t\t\t\t\t\t<\/div>\n\t\t\t\t\t\t<h4 class=\"uagb-post__title uagb-post__text\">\n\t\t\t\t<a href=\"https:\/\/dipe.uepa.br\/index.php\/2025\/04\/28\/diretoria-de-planejamento-estrategico-abre-ciclo-de-reunioes-internas-para-revisao-do-ppa-2024-2027\/\" target=\"_self\" rel=\"bookmark noopener noreferrer\">A Diretoria de Planejamento Estrat\u00e9gico abre ciclo de workshops para revis\u00e3o do PPA 2024-2027<\/a>\n\t\t\t<\/h4>\n\t\t\t\t\t\t<div class='uagb-post__text uagb-post-grid-byline'>\n\t\t\t\t\t\t\t\t<time datetime=\"2025-04-28T12:24:47-03:00\" class=\"uagb-post__date\">\n\t\t\t\t<span class=\"dashicons-calendar dashicons\"><\/span>\t\t\t\t\t28 de abril de 2025\t\t\t\t<\/time>\n\t\t\t\t\t\t\t<span class=\"uagb-post__comment\">\n\t\t\t\t<span class=\"dashicons-admin-comments dashicons\"><\/span>\t\t\t\t\tNenhum coment\u00e1rio\t\t\t\t<\/span>\n\t\t\t\t\t\t<\/div>\n\t\t\t\t\t\t\t<div class='uagb-post__text uagb-post__excerpt'>\n\t\t\t\t\t<p>Nesta segunda-feira, 28 de abril, a Diretoria de Planejamento Estrat\u00e9gico (DIPE) deu in\u00edcio aos workshops&#8230;\t\t\t\t<\/div>\n\t\t\t\t\t\t<div class=\"uagb-post__text uagb-post__cta wp-block-button\">\n\t\t\t\t<a class=\"wp-block-button__link uagb-text-link\" href=\"https:\/\/dipe.uepa.br\/index.php\/2025\/04\/28\/diretoria-de-planejamento-estrategico-abre-ciclo-de-reunioes-internas-para-revisao-do-ppa-2024-2027\/\" target=\"_self\" rel=\"bookmark noopener noreferrer\">Ler mais<\/a>\n\t\t\t<\/div>\n\t\t\t\t\t\t\t\t\t\t\t\t<\/article>\n\t\t\t\t\t\t\t\t\t\t\t\t\t\t\t\t<article class=\"uagb-post__inner-wrap\">\t\t\t\t\t\t\t\t<div class='uagb-post__image'>\n\t\t\t\t\t\t\t\t\t<a href=\"https:\/\/dipe.uepa.br\/index.php\/2025\/04\/24\/transmissao-do-planejamento-em-pauta-com-foco-no-perfil-socioeconomico-das-12-regioes-de-integracao-do-para\/\" target=\"_self\" rel=\"bookmark noopener noreferrer\" class='uagb-image-ratio-inherit'><img loading=\"lazy\" decoding=\"async\" width=\"1024\" height=\"1024\" src=\"https:\/\/dipe.uepa.br\/wp-content\/uploads\/2025\/04\/WhatsApp-Image-2025-04-24-at-08.31.41-1-1024x1024.jpeg\" class=\"attachment-large size-large\" alt=\"\" srcset=\"https:\/\/dipe.uepa.br\/wp-content\/uploads\/2025\/04\/WhatsApp-Image-2025-04-24-at-08.31.41-1-1024x1024.jpeg 1024w, https:\/\/dipe.uepa.br\/wp-content\/uploads\/2025\/04\/WhatsApp-Image-2025-04-24-at-08.31.41-1-300x300.jpeg 300w, https:\/\/dipe.uepa.br\/wp-content\/uploads\/2025\/04\/WhatsApp-Image-2025-04-24-at-08.31.41-1-150x150.jpeg 150w, https:\/\/dipe.uepa.br\/wp-content\/uploads\/2025\/04\/WhatsApp-Image-2025-04-24-at-08.31.41-1-768x768.jpeg 768w, https:\/\/dipe.uepa.br\/wp-content\/uploads\/2025\/04\/WhatsApp-Image-2025-04-24-at-08.31.41-1.jpeg 1080w\" sizes=\"(max-width: 1024px) 100vw, 1024px\" \/>\t\t\t\t\t<\/a>\n\t\t\t\t\t\t\t<\/div>\n\t\t\t\t\t\t<h4 class=\"uagb-post__title uagb-post__text\">\n\t\t\t\t<a href=\"https:\/\/dipe.uepa.br\/index.php\/2025\/04\/24\/transmissao-do-planejamento-em-pauta-com-foco-no-perfil-socioeconomico-das-12-regioes-de-integracao-do-para\/\" target=\"_self\" rel=\"bookmark noopener noreferrer\">Transmiss\u00e3o do Planejamento em Pauta, com foco no perfil socioecon\u00f4mico das 12 regi\u00f5es de integra\u00e7\u00e3o do Par\u00e1<\/a>\n\t\t\t<\/h4>\n\t\t\t\t\t\t<div class='uagb-post__text uagb-post-grid-byline'>\n\t\t\t\t\t\t\t\t<time datetime=\"2025-04-24T12:54:19-03:00\" class=\"uagb-post__date\">\n\t\t\t\t<span class=\"dashicons-calendar dashicons\"><\/span>\t\t\t\t\t24 de abril de 2025\t\t\t\t<\/time>\n\t\t\t\t\t\t\t<span class=\"uagb-post__comment\">\n\t\t\t\t<span class=\"dashicons-admin-comments dashicons\"><\/span>\t\t\t\t\tNenhum coment\u00e1rio\t\t\t\t<\/span>\n\t\t\t\t\t\t<\/div>\n\t\t\t\t\t\t\t<div class='uagb-post__text uagb-post__excerpt'>\n\t\t\t\t\t<p>Na manh\u00e3 desta quinta-feira (24), a Secretaria de Estado de Planejamento e Administra\u00e7\u00e3o (Seplad) realizou&#8230;\t\t\t\t<\/div>\n\t\t\t\t\t\t<div class=\"uagb-post__text uagb-post__cta wp-block-button\">\n\t\t\t\t<a class=\"wp-block-button__link uagb-text-link\" href=\"https:\/\/dipe.uepa.br\/index.php\/2025\/04\/24\/transmissao-do-planejamento-em-pauta-com-foco-no-perfil-socioeconomico-das-12-regioes-de-integracao-do-para\/\" target=\"_self\" rel=\"bookmark noopener noreferrer\">Ler mais<\/a>\n\t\t\t<\/div>\n\t\t\t\t\t\t\t\t\t\t\t\t<\/article>\n\t\t\t\t\t\t\t\t\t\t\t<\/div>\n\t\t\t\n\n\n<div style=\"height:100px\" aria-hidden=\"true\" class=\"wp-block-spacer\"><\/div>\n\n\n\n<div id=\"noticias\" class=\"wp-block-uagb-container uagb-block-b8e35747 alignfull uagb-is-root-container\"><div class=\"uagb-container-inner-blocks-wrap\">\n<div id=\"contato\" class=\"wp-block-group__inner-container\">\r\n<div class=\"wp-block-columns alignwide are-vertically-aligned-left\">\r\n<div class=\"wp-block-column is-vertically-aligned-left\" style=\"flex-basis: 70%;\">\r\n<div class=\"wp-block-group alignfull\">\r\n<div class=\"wp-block-group__inner-container\">\r\n<h2 style=\"text-align: left; margin-bottom: 13px;\">Diretoria de Planejamento Estrat\u00e9gico<\/h2>\r\n<div class=\"wp-block-columns\">\r\n<div class=\"wp-block-column\" style=\"flex-basis: 100%;\">\r\n<div class=\"wp-block-columns\">\r\n<div class=\"wp-block-column\">\r\n<h4 style=\"text-align: left;\"><strong>Contato<\/strong><\/h4>\r\n<p style=\"text-align: left;\">(91) 3284-9595<\/p>\r\n\r\n<\/div>\r\n<div class=\"wp-block-column\">\r\n<h4 style=\"text-align: left;\"><strong>E-mail<\/strong><\/h4>\r\n<p style=\"text-align: left;\">dipe@uepa.br<\/p>\r\n\r\n<\/div>\r\n<\/div>\r\n<\/div>\r\n<\/div>\r\n<div class=\"wp-block-columns alignfull\">\r\n<div class=\"wp-block-column\">\r\n<h4 style=\"text-align: left;\"><strong>Endere\u00e7o<\/strong><\/h4>\r\n<p style=\"text-align: left;\">R. do \u00dana, n\u00b0 156 \u2013 Tel\u00e9grafo, Bel\u00e9m\u2013PA\r\n66050-540, Brasil<\/p>\r\n\r\n<\/div>\r\n<div class=\"wp-block-column\">\r\n<h4 style=\"text-align: left;\"><strong>Hor\u00e1rio de Funcionamento<\/strong><\/h4>\r\n<p style=\"text-align: left;\">Segunda a Sexta: 08:00 \u2013 16:00<\/p>\r\n\r\n<\/div>\r\n<\/div>\r\n<div class=\"wp-block-columns\">\r\n<div class=\"wp-block-column\">\r\n<div class=\"wp-block-image\">\r\n<figure class=\"aligncenter size-full\"><a href=\"https:\/\/www.uepa.br\/\"><img loading=\"lazy\" decoding=\"async\" class=\"alignnone wp-image-461 size-medium\" src=\"https:\/\/propesp.uepa.br\/wp-content\/uploads\/2022\/11\/LogoUepa.png\" alt=\"\" width=\"300\" height=\"133\" \/><\/a><\/figure>\r\n<\/div>\r\n<\/div>\r\n<\/div>\r\n<\/div>\r\n<\/div>\r\n<\/div>\r\n<div class=\"wp-block-column is-vertically-aligned-center\" style=\"flex-basis: 55%;\"><iframe loading=\"lazy\" style=\"border: 0;\" src=\"https:\/\/www.google.com\/maps\/embed?pb=!1m14!1m8!1m3!1d15954.29376079698!2d-48.487818!3d-1.431318!3m2!1i1024!2i768!4f13.1!3m3!1m2!1s0x92a48f1ee9f54705%3A0x1ecd7a50dd2809dd!2sUniversidade%20do%20Estado%20do%20Par%C3%A1%20-%20Centro%20de%20Ci%C3%AAncias%20Sociais%20e%20Educa%C3%A7%C3%A3o%20(UEPA%20-%20CCSE)!5e0!3m2!1spt-BR!2sbr!4v1693343966007!5m2!1spt-BR!2sbr\" width=\"100%\" height=\"450\" allowfullscreen=\"\"><\/iframe><\/div>\r\n<\/div>\r\n<\/div>\n<\/div><\/div>\n","protected":false},"excerpt":{"rendered":"<p>Diretoria de Planejamento Estrat\u00e9gico Contato (91) 3284-9595 E-mail dipe@uepa.br Endere\u00e7o R. do \u00dana, n\u00b0 156 \u2013 Tel\u00e9grafo, Bel\u00e9m\u2013PA 66050-540, Brasil Hor\u00e1rio de Funcionamento Segunda a Sexta: 08:00 \u2013 16:00<\/p>\n","protected":false},"author":1,"featured_media":0,"parent":0,"menu_order":0,"comment_status":"closed","ping_status":"closed","template":"","meta":{"_uag_custom_page_level_css":"","site-sidebar-layout":"default","site-content-layout":"","ast-site-content-layout":"","site-content-style":"default","site-sidebar-style":"default","ast-global-header-display":"","ast-banner-title-visibility":"","ast-main-header-display":"","ast-hfb-above-header-display":"","ast-hfb-below-header-display":"","ast-hfb-mobile-header-display":"","site-post-title":"","ast-breadcrumbs-content":"","ast-featured-img":"","footer-sml-layout":"","theme-transparent-header-meta":"","adv-header-id-meta":"","stick-header-meta":"","header-above-stick-meta":"","header-main-stick-meta":"","header-below-stick-meta":"","astra-migrate-meta-layouts":"default","ast-page-background-enabled":"default","ast-page-background-meta":{"desktop":{"background-color":"var(--ast-global-color-4)","background-image":"","background-repeat":"repeat","background-position":"center center","background-size":"auto","background-attachment":"scroll","background-type":"","background-media":"","overlay-type":"","overlay-color":"","overlay-gradient":""},"tablet":{"background-color":"","background-image":"","background-repeat":"repeat","background-position":"center center","background-size":"auto","background-attachment":"scroll","background-type":"","background-media":"","overlay-type":"","overlay-color":"","overlay-gradient":""},"mobile":{"background-color":"","background-image":"","background-repeat":"repeat","background-position":"center center","background-size":"auto","background-attachment":"scroll","background-type":"","background-media":"","overlay-type":"","overlay-color":"","overlay-gradient":""}},"ast-content-background-meta":{"desktop":{"background-color":"var(--ast-global-color-5)","background-image":"","background-repeat":"repeat","background-position":"center center","background-size":"auto","background-attachment":"scroll","background-type":"","background-media":"","overlay-type":"","overlay-color":"","overlay-gradient":""},"tablet":{"background-color":"var(--ast-global-color-5)","background-image":"","background-repeat":"repeat","background-position":"center center","background-size":"auto","background-attachment":"scroll","background-type":"","background-media":"","overlay-type":"","overlay-color":"","overlay-gradient":""},"mobile":{"background-color":"var(--ast-global-color-5)","background-image":"","background-repeat":"repeat","background-position":"center center","background-size":"auto","background-attachment":"scroll","background-type":"","background-media":"","overlay-type":"","overlay-color":"","overlay-gradient":""}},"footnotes":""},"uagb_featured_image_src":{"full":false,"thumbnail":false,"medium":false,"medium_large":false,"large":false,"1536x1536":false,"2048x2048":false},"uagb_author_info":{"display_name":"adminsites@uepa.br","author_link":"https:\/\/dipe.uepa.br\/index.php\/author\/adminsitesuepa-br\/"},"uagb_comment_info":0,"uagb_excerpt":"Diretoria de Planejamento Estrat\u00e9gico Contato (91) 3284-9595 E-mail dipe@uepa.br Endere\u00e7o R. do \u00dana, n\u00b0 156 \u2013 Tel\u00e9grafo, Bel\u00e9m\u2013PA 66050-540, Brasil Hor\u00e1rio de Funcionamento Segunda a Sexta: 08:00 \u2013 16:00","_links":{"self":[{"href":"https:\/\/dipe.uepa.br\/index.php\/wp-json\/wp\/v2\/pages\/250"}],"collection":[{"href":"https:\/\/dipe.uepa.br\/index.php\/wp-json\/wp\/v2\/pages"}],"about":[{"href":"https:\/\/dipe.uepa.br\/index.php\/wp-json\/wp\/v2\/types\/page"}],"author":[{"embeddable":true,"href":"https:\/\/dipe.uepa.br\/index.php\/wp-json\/wp\/v2\/users\/1"}],"replies":[{"embeddable":true,"href":"https:\/\/dipe.uepa.br\/index.php\/wp-json\/wp\/v2\/comments?post=250"}],"version-history":[{"count":8,"href":"https:\/\/dipe.uepa.br\/index.php\/wp-json\/wp\/v2\/pages\/250\/revisions"}],"predecessor-version":[{"id":414,"href":"https:\/\/dipe.uepa.br\/index.php\/wp-json\/wp\/v2\/pages\/250\/revisions\/414"}],"wp:attachment":[{"href":"https:\/\/dipe.uepa.br\/index.php\/wp-json\/wp\/v2\/media?parent=250"}],"curies":[{"name":"wp","href":"https:\/\/api.w.org\/{rel}","templated":true}]}}